se 11) to base 8
135
0 (base 8) to base 11
0
-6 (base 14) to base 9
-6
What is 3 (base 9) in base 12?
3
3 (base 14) to base 15
3
Convert -217 (base 14) to base 9.
-508
32 (base 7) to base 6
35
0 (base 11) to base 3
0
What is -3 (base 9) in base 11?
-3
What is 0 (base 5) in base 9?
0
Convert 0 (base 7) to base 4.
0
26 (base 9) to base 8
30
11000111 (base 2) to base 16
c7
-a (base 16) to base 8
-12
Convert -30 (base 5) to base 10.
-15
What is -100 (base 2) in base 14?
-4
Convert -4 (base 12) to base 7.
-4
Convert 20 (base 10) to base 14.
16
Convert -22 (base 7) to base 2.
-10000
8b (base 12) to base 11
98
2 (base 12) to base 10
2
What is 1 (base 7) in base 9?
1
-2 (base 9) to base 4
-2
Convert 6 (base 13) to base 5.
11
What is -166 (base 9) in base 2?
-10001101
Convert 3 (base 12) to base 6.
3
-105 (base 8) to base 9
-76
0 (base 13) to base 8
0
32 (base 7) to base 14
19
7d (base 15) to base 5
433
What is -10 (base 9) in base 2?
-1001
12 (base 9) to base 16
b
57 (base 13) to base 2
1001000
Convert d9 (base 15) to base 13.
129
-20 (base 3) to base 8
-6
Convert -1 (base 6) to base 4.
-1
What is 85 (base 9) in base 15?
52
Convert 10011010 (base 2) to base 6.
414
Convert 5 (base 15) to base 6.
5
What is 19 (base 13) in base 15?
17
47 (base 11) to base 9
56
What is -10 (base 10) in base 4?
-22
Convert -4 (base 15) to base 3.
-11
What is 3 (base 15) in base 14?
3
203 (base 4) to base 5
120
What is 0 (base 13) in base 10?
0
6e (base 15) to base 5
404
9 (base 13) to base 4
21
What is -134 (base 7) in base 9?
-82
What is 28 (base 14) in base 5?
121
Convert 3 (base 5) to base 16.
3
-4 (base 14) to base 16
-4
9 (base 12) to base 9
10
What is -4 (base 6) in base 11?
-4
Convert 11 (base 5) to base 2.
110
What is -3 (base 5) in base 9?
-3
Convert 101 (base 8) to base 5.
230
What is 12b (base 12) in base 15?
be
-11111100 (base 2) to base 16
-fc
Convert d (base 15) to base 7.
16
Convert -3 (base 5) to base 8.
-3
-1 (base 11) to base 12
-1
What is 14 (base 11) in base 9?
16
Convert -10 (base 15) to base 12.
-13
What is -182 (base 10) in base 9?
-222
1211 (base 6) to base 3
101221
What is -1010100 (base 2) in base 6?
-220
-10 (base 13) to base 15
-d
What is -3 (base 9) in base 5?
-3
2 (base 4) to base 11
2
What is -2 (base 6) in base 16?
-2
Convert -4 (base 9) to base 6.
-4
-7 (base 14) to base 4
-13
Convert 0 (base 8) to base 5.
0
-203 (base 4) to base 5
-120
Convert -9 (base 14) to base 2.
-1001
Convert 48 (base 13) to base 10.
60
Convert 11 (base 3) to base 4.
10
What is 44 (base 6) in base 2?
11100
What is -4 (base 9) in base 10?
-4
-10 (base 5) to base 12
-5
6 (base 13) to base 11
6
22 (base 8) to base 6
30
Convert 5 (base 11) to base 2.
101
Convert 643 (base 7) to base 8.
505
-a7 (base 16) to base 5
-1132
What is -10 (base 5) in base 11?
-5
10010 (base 2) to base 13
15
Convert -100 (base 5) to base 9.
-27
Convert -1 (base 11) to base 16.
-1
Convert -d (base 15) to base 7.
-16
Convert -34 (base 5) to base 6.
-31
11 (base 4) to base 13
5
-99 (base 12) to base 16
-75
Convert -10110111 (base 2) to base 10.
-183
What is -11 (base 9) in base 12?
-a
-3 (base 13) to base 10
-3
Convert -38 (base 9) to base 8.
-43
Convert 23 (base 11) to base 4.
121
What is 1113 (base 4) in base 9?
106
31 (base 8) to base 16
19
Convert -52 (base 12) to base 13.
-4a
What is 110 (base 8) in base 11?
66
19 (base 14) to base 16
17
What is -2232 (base 4) in base 8?
-256
-26 (base 10) to base 4
-122
-43 (base 5) to base 7
-32
Convert 4 (base 16) to base 12.
4
Convert -103 (base 6) to base 15.
-29
What is -4 (base 11) in base 14?
-4
5 (base 9) to base 6
5
What is -11021 (base 3) in base 7?
-223
What is -5 (base 15) in base 10?
-5
Convert 13 (base 4) to base 6.
11
Convert -3 (base 13) to base 11.
-3
Convert -1010010 (base 2) to base 6.
-214
What is -48 (base 13) in base 10?
-60
-2 (base 16) to base 10
-2
What is 4 (base 15) in base 7?
4
Convert 10 (base 16) to base 12.
14
Convert 48 (base 12) to base 15.
3b
0 (base 3) to base 5
0
What is -1a (base 15) in base 2?
-11001
37 (base 15) to base 10
52
202 (base 9) to base 12
118
What is 50 (base 15) in base 3?
2210
cd (base 16) to base 5
1310
Convert -11 (base 9) to base 12.
-a
-46 (base 8) to base 2
-100110
What is -32 (base 15) in base 12?
-3b
What is 11 (base 10) in base 14?
b
What is 1 (base 14) in base 11?
1
3 (base 11) to base 7
3
Convert -102 (base 3) to base 10.
-11
Convert 2012 (base 3) to base 7.
113
Convert -4 (base 6) to base 5.
-4
Convert -7 (base 8) to base 16.
-7
-a6 (base 15) to base 13
-c0
What is -207 (base 9) in base 2?
-10101001
-21 (base 12) to base 4
-121
Convert 4 (base 12) to base 14.
4
6d (base 15) to base 5
403
-10 (base 3) to base 14
-3
What is -3 (base 10) in base 6?
-3
Convert 4 (base 14) to base 11.
4
Convert 5 (base 16) to base 14.
5
What is -44 (base 9) in base 12?
-34
10 (base 13) to base 2
1101
What is 11120 (base 3) in base 7?
234
Convert -2 (base 14) to base 6.
-2
What is -29 (base 10) in base 15?
-1e
What is -1 (base 16) in base 2?
-1
Convert 311 (base 10) to base 9.
375
4 (base 12) to base 5
4
14 (base 12) to base 8
20
What is 8c (base 15) in base 12?
b0
Convert -25 (base 8) to base 5.
-41
1110000 (base 2) to base 12
94
-3 (base 10) to base 16
-3
11 (base 8) to base 9
10
aa (base 13) to base 8
214
12 (base 6) to base 15
8
Convert 14 (base 14) to base 5.
33
What is 14 (base 7) in base 12?
b
Convert 10030 (base 4) to base 14.
152
Convert -25 (base 10) to base 12.
-21
3 (base 14) to base 6
3
What is -252 (base 8) in base 10?
-170
What is -14 (base 6) in base 14?
-a
Convert -6 (base 11) to base 5.
-11
Convert -3 (base 15) to base 16.
-3
-2 (base 8) to base 14
-2
What is 0 (base 5) in base 8?
0
6 (base 14) to base 16
6
170 (base 12) to base 16
e4
What is -126 (base 11) in base 2?
-10010101
-4 (base 6) to base 16
-4
-ab (base 15) to base 13
-c5
What is 11 (base 7) in base 4?
20
What is 2 (base 5) in base 10?
2
What is 10 (base 15) in base 6?
23
Convert -21012 (base 3) to base 8.
-302
-4 (base 14) to base 11
-4
What is 0 (base 6) in base 9?
0
What is -4 (base 15) in base 7?
-4
Convert -b4 (base 15) to base 13.
-100
Convert -351 (base 6) to base 3.
-12011
Convert 250 (base 8) to base 13.
cc
What is -212 (base 6) in base 12?
-68
Convert -70 (base 9) to base 3.
-2100
Convert 31 (base 4) to base 16.
d
What is 13 (base 8) in base 4?
23
What is -19 (base 15) in base 11?
-22
Convert 0 (base 16) to base 9.
0
Convert -240 (base 5) to base 10.
-70
-22 (base 13) to base 12
-24
Convert 1 (base 3) to base 15.
1
What is -10 (base 3) in base 9?
-3
-432 (base 8) to base 12
-1b6
What is -10 (base 3) in base 15?
-3
Convert 101 (base 7) to base 4.
302
Convert 102 (base 3) to base 7.
14
What is 21 (base 14) in base 11?
27
Convert 18 (base 12) to base 7.
26
What is 22 (base 3) in base 15?
8
What is 5 (base 14) in base 15?
5
35 (base 9) to base 14
24
What is 34 (base 8) in base 15?
1d
What is 107 (base 9) in base 8?
130
Convert -31 (base 11) to base 3.
-1021
535 (base 6) to base 11
175
What is 15 (base 10) in base 5?
30
What is -10 (base 3) in base 7?
-3
Convert -12 (base 5) to base 14.
-7
Convert -13 (base 13) to base 11.
-15
-170 (base 14) to base 7
-600
Convert -1 (base 4) to base 12.
-1
What is 1110 (base 2) in base 5?
24
0 (base 4) to base 8
0
433 (base 7) to base 5
1340
What is -50 (base 12) in base 7?
-114
What is -31 (base 4) in base 15?
-d
-5 (base 6) to base 10
-5
What is 136 (base 8) in base 5?
334
What is -101 (base 2) in base 6?
-5
30 (base 4) to base 2
1100
-4 (base 10) to base 8
-4
320 (base 4) to base 6
132
-c (base 16) to base 9
-13
Convert b (base 12) to base 9.
12
10011 (base 3) to base 5
320
What is -33 (base 7) in base 4?
-120
What is -3 (base 10) in base 16?
-3
Convert -3b (base 12) to base 7.
-65
2 (base 6) to base 10
2
What is 2 (base 10) in base 13?
2
What is 81 (base 11) in base 6?
225
25 (base 7) to base 8
23
What is -47 (base 8) in base 10?
-39
What is 3 (base 11) in base 10?
3
What is 101 (base 4) in base 6?
25
Convert cc (base 13) to base 7.
330
What is -22 (base 10) in base 15?
-17
Convert 169 (base 13) to base 12.
194
What is 3 (base 4) in base 13?
3
Convert -28 (base 12) to base 3.
-1012
Convert 13 (base 7) to base 16.
a
Convert b (base 12) to base 7.
14
253 (base 7) to base 11
114
2d (base 16) to base